{"id":1429,"date":"2022-02-14T20:00:56","date_gmt":"2022-02-14T20:00:56","guid":{"rendered":"https:\/\/limitlesscoaching.fr\/?page_id=1429"},"modified":"2024-08-16T17:22:40","modified_gmt":"2024-08-16T17:22:40","slug":"home-2","status":"publish","type":"page","link":"https:\/\/limitlesscoaching.fr\/","title":{"rendered":"ACCUEIL"},"content":{"rendered":"\n\n\t<h6>\n\t\t\t\t\u2587 XAVIER COROSINE\n\t\t\t<\/h6>\n\t<h1>\n\t\t\t\tVotre coach de vie et pr\u00e9parateur mental\n\t\t\t<\/h1>\n\t<p>Mes 15 ann\u00e9es de carri\u00e8re dans le basket professionnel me permettent aujourd&#8217;hui de mettre l&#8217;exp\u00e9rience acquise tout au long de cette aventure unique au profit de votre \u00e9volution personnelle, comme professionnelle, de l&#8217;atteinte de vos objectifs et autres probl\u00e9matiques qui vous emp\u00eachent de r\u00e9v\u00e9ler votre plein potentiel.<\/p>\n\t\t\t<a href=\"https:\/\/limitlesscoaching.fr\/index.php\/contact\/\" target=\"_self\" role=\"button\" aria-label=\"Parlons-en\" rel=\"noopener\">\n\t\t\t\t\t\t\tParlons-en\n\t\t<\/a>\n<h6>\n\t\t\u2587 QUI SUIS-JE ?\n\t<\/h6>\n<h2>\n\t\tBasketteur professionnel durant pr\u00e8s de 15 ans\n\t<\/h2>\n\t<p>j&#8217;ai d\u00e9di\u00e9 ma vie au sport et au basket en particulier que je pratique depuis que l&#8217;\u00e2ge de 7 ans. J&#8217;ai pu, tout au long de ma carri\u00e8re, apprendre l&#8217;exigence requise pour atteindre le haut niveau.<\/p>\n<p>&nbsp;<\/p>\n\t\t\t<a href=\"https:\/\/limitlesscoaching.fr\/index.php\/qui-suis-je\/\" target=\"_self\" role=\"button\" aria-label=\"En lire +\" rel=\"noopener\">\n\t\t\t\t\t\t\tEn lire +\n\t\t<\/a>\n\t\t\t\t<img loading=\"lazy\" decoding=\"async\" src=\"https:\/\/limitlesscoaching.fr\/wp-content\/uploads\/2022\/04\/XAVIER_SIDE_2_4.png\" alt=\"XAVIER_SIDE_2_4\" itemprop=\"image\" height=\"600\" width=\"600\" title=\"XAVIER_SIDE_2_4\" onerror=\"this.style.display='none'\"  \/>\n\t\t\t\t<img loading=\"lazy\" decoding=\"async\" src=\"https:\/\/limitlesscoaching.fr\/wp-content\/uploads\/2022\/04\/XAVIER_SIDE_9.png\" alt=\"XAVIER_SIDE_9\" itemprop=\"image\" height=\"600\" width=\"600\" title=\"XAVIER_SIDE_9\" onerror=\"this.style.display='none'\"  \/>\n<h6>\n\t\t\u2587 LE COACHING\n\t<\/h6>\n<h2>\n\t\tJ&#8217;ai toujours aim\u00e9 aiguiller les gens autour de moi\n\t<\/h2>\n\t<p>C&#8217;est presque une \u00e9volution naturelle suite \u00e0 ma carri\u00e8re de sportif tant le sport m&#8217;a appris et apport\u00e9 au quotidien et ce, dans tous les domaines de la vie. Ma rigueur et mon envie d&#8217;apprendre m&#8217;ont pouss\u00e9es \u00e0 structurer mes acquis d&#8217;exp\u00e9rience en me tournant vers la formation.<\/p>\n\t\t\t<a href=\"https:\/\/limitlesscoaching.fr\/index.php\/coaching\/\" target=\"_self\" role=\"button\" aria-label=\"En lire +\" rel=\"noopener\">\n\t\t\t\t\t\t\tEn lire +\n\t\t<\/a>\n\t<h3>\n\t\t\t\tT\u00e9moignages\n\t\t\t<\/h3>\n\t\t\t\t<img decoding=\"async\" src=\"https:\/\/limitlesscoaching.fr\/wp-content\/uploads\/bb-plugin\/cache\/Moisy_3-circle.png\" alt=\"Moisy_3\" title=\"Moisy_3\" itemprop=\"image\"\/>\n\t\t\t\t\t\t\t<p>&#8220;Xavier est une personne tr\u00e8s consciencieuse et \u00e0 l&#8217;\u00e9coute des besoins. <br \/>Il apporte un accompagnement de qualit\u00e9 qui s&#8217;adapte \u00e0 chacun.&#8221;<\/p>\t\t\t\t\t\t\n\t\t\t\t\t\t\t\t<h5 class='uabb-testimonial-author-name testimonial-author-name'>Alexandre MOISY<\/h5>\t\t\t\t\t\t\t\t\n\t\t\t\t\t\t\t\t\tBASKETTEUR PROFESSIONNEL\t\t\t\t\t\t\t\t\n\t\t\t\t<img decoding=\"async\" src=\"https:\/\/limitlesscoaching.fr\/wp-content\/uploads\/bb-plugin\/cache\/magui-circle.png\" alt=\"magui\" title=\"magui\" itemprop=\"image\"\/>\n\t\t\t\t\t\t\t<p>&#8220;Xavier est un coach avec \u00e9norm\u00e9ment d&#8217;empathie.<br \/>Il comprend tout de suite ce dont on a besoin pour pouvoir avancer et donc coacher.&#8221;<\/p>\n\t\t\t\t\t\t\t\t<h5 class='uabb-testimonial-author-name testimonial-author-name'>Magui<\/h5>\t\t\t\t\t\t\t\t\n\t\t\t\t\t\t\t\t\tCOACH\u00c9E\t\t\t\t\t\t\t\t\n\t\t\t\t<img decoding=\"async\" src=\"https:\/\/limitlesscoaching.fr\/wp-content\/uploads\/bb-plugin\/cache\/mathilde-circle.png\" alt=\"mathilde\" title=\"mathilde\" itemprop=\"image\"\/>\n\t\t\t\t\t\t\t<p>&#8220;Je voulais faire un coaching pour diverses probl\u00e9matiques. <br \/>J&#8217;ai choisi de le faire avec Xavier pour la confiance qu&#8217;il m&#8217;inspirait.&#8221;<\/p>\n\t\t\t\t\t\t\t\t<h5 class='uabb-testimonial-author-name testimonial-author-name'>Mathilde<\/h5>\t\t\t\t\t\t\t\t\n\t\t\t\t\t\t\t\t\tCOACH\u00c9E\t\t\t\t\t\t\t\t\n\t\t\t\t<img loading=\"lazy\" decoding=\"async\" src=\"https:\/\/limitlesscoaching.fr\/wp-content\/uploads\/2021\/11\/LOGO_BLANC-300x119.png\" alt=\"LOGO_BLANC\" itemprop=\"image\" height=\"119\" width=\"300\" title=\"LOGO_BLANC\" onerror=\"this.style.display='none'\"  \/>\n\t<h2>\n\t\t\t\tPrenez rendez-vous, c&#8217;est gratuit !\n\t\t\t<\/h2>\n\t<p>Prenez votre premier rendez-vous t\u00e9l\u00e9phonique gratuit de 15 min :<\/p>\n\t\t\t<a href=\"https:\/\/calendly.com\/xavier_limiltless_coaching\/15min\" target=\"_blank\" rel=\"noopener\" role=\"button\" aria-label=\"Prenez rendez-vous\">\n\t\t\t\t\t\t\tPrenez rendez-vous\n\t\t<\/a>\n\n","protected":false},"excerpt":{"rendered":"<p>\u2587 XAVIER COROSINE Votre coach de vie et pr\u00e9parateur mental Mes 15 ann\u00e9es de carri\u00e8re dans le basket professionnel me permettent aujourd&#8217;hui de mettre l&#8217;exp\u00e9rience acquise tout au long de cette aventure unique au profit de votre \u00e9volution personnelle, comme professionnelle, de l&#8217;atteinte de vos objectifs et autres probl\u00e9matiques qui vous emp\u00eachent de r\u00e9v\u00e9ler votre [&hellip;]<\/p>\n","protected":false},"author":1,"featured_media":0,"parent":0,"menu_order":0,"comment_status":"closed","ping_status":"closed","template":"","meta":{"om_disable_all_campaigns":false,"_monsterinsights_skip_tracking":false,"_monsterinsights_sitenote_active":false,"_monsterinsights_sitenote_note":"","_monsterinsights_sitenote_category":0,"site-sidebar-layout":"no-sidebar","site-content-layout":"page-builder","ast-site-content-layout":"full-width-container","site-content-style":"unboxed","site-sidebar-style":"unboxed","ast-global-header-display":"","ast-banner-title-visibility":"","ast-main-header-display":"","ast-hfb-above-header-display":"","ast-hfb-below-header-display":"","ast-hfb-mobile-header-display":"","site-post-title":"disabled","ast-breadcrumbs-content":"disabled","ast-featured-img":"disabled","footer-sml-layout":"","theme-transparent-header-meta":"enabled","adv-header-id-meta":"","stick-header-meta":"","header-above-stick-meta":"","header-main-stick-meta":"","header-below-stick-meta":"","astra-migrate-meta-layouts":"set","ast-page-background-enabled":"default","ast-page-background-meta":{"desktop":{"background-color":"","background-image":"","background-repeat":"repeat","background-position":"center center","background-size":"auto","background-attachment":"scroll","background-type":"","background-media":"","overlay-type":"","overlay-color":"","overlay-opacity":"","overlay-gradient":""},"tablet":{"background-color":"","background-image":"","background-repeat":"repeat","background-position":"center center","background-size":"auto","background-attachment":"scroll","background-type":"","background-media":"","overlay-type":"","overlay-color":"","overlay-opacity":"","overlay-gradient":""},"mobile":{"background-color":"","background-image":"","background-repeat":"repeat","background-position":"center center","background-size":"auto","background-attachment":"scroll","background-type":"","background-media":"","overlay-type":"","overlay-color":"","overlay-opacity":"","overlay-gradient":""}},"ast-content-background-meta":{"desktop":{"background-color":"var(--ast-global-color-5)","background-image":"","background-repeat":"repeat","background-position":"center center","background-size":"auto","background-attachment":"scroll","background-type":"","background-media":"","overlay-type":"","overlay-color":"","overlay-opacity":"","overlay-gradient":""},"tablet":{"background-color":"var(--ast-global-color-5)","background-image":"","background-repeat":"repeat","background-position":"center center","background-size":"auto","background-attachment":"scroll","background-type":"","background-media":"","overlay-type":"","overlay-color":"","overlay-opacity":"","overlay-gradient":""},"mobile":{"background-color":"var(--ast-global-color-5)","background-image":"","background-repeat":"repeat","background-position":"center center","background-size":"auto","background-attachment":"scroll","background-type":"","background-media":"","overlay-type":"","overlay-color":"","overlay-opacity":"","overlay-gradient":""}},"footnotes":""},"class_list":["post-1429","page","type-page","status-publish","hentry"],"aioseo_notices":[],"_links":{"self":[{"href":"https:\/\/limitlesscoaching.fr\/index.php\/wp-json\/wp\/v2\/pages\/1429","targetHints":{"allow":["GET"]}}],"collection":[{"href":"https:\/\/limitlesscoaching.fr\/index.php\/wp-json\/wp\/v2\/pages"}],"about":[{"href":"https:\/\/limitlesscoaching.fr\/index.php\/wp-json\/wp\/v2\/types\/page"}],"author":[{"embeddable":true,"href":"https:\/\/limitlesscoaching.fr\/index.php\/wp-json\/wp\/v2\/users\/1"}],"replies":[{"embeddable":true,"href":"https:\/\/limitlesscoaching.fr\/index.php\/wp-json\/wp\/v2\/comments?post=1429"}],"version-history":[{"count":36,"href":"https:\/\/limitlesscoaching.fr\/index.php\/wp-json\/wp\/v2\/pages\/1429\/revisions"}],"predecessor-version":[{"id":1514,"href":"https:\/\/limitlesscoaching.fr\/index.php\/wp-json\/wp\/v2\/pages\/1429\/revisions\/1514"}],"wp:attachment":[{"href":"https:\/\/limitlesscoaching.fr\/index.php\/wp-json\/wp\/v2\/media?parent=1429"}],"curies":[{"name":"wp","href":"https:\/\/api.w.org\/{rel}","templated":true}]}}